or of 7014 and 50267?
1169
What is the greatest common factor of 1472200 and 17?
17
What is the greatest common divisor of 327 and 1296882?
327
Calculate the greatest common divisor of 7843568 and 16.
16
Calculate the greatest common factor of 1178 and 96689.
31
Calculate the highest common factor of 5 and 4050.
5
Calculate the greatest common divisor of 7926 and 2058.
6
What is the greatest common divisor of 12885 and 111?
3
Calculate the highest common divisor of 41000 and 3000.
1000
What is the highest common factor of 3304 and 36108?
236
Calculate the greatest common divisor of 64896 and 1408.
128
Calculate the greatest common divisor of 14726 and 444.
74
What is the greatest common factor of 162 and 5845770?
162
What is the highest common factor of 59541 and 267?
267
What is the highest common divisor of 73112 and 24?
8
What is the highest common factor of 407 and 126688?
37
Calculate the highest common factor of 11 and 4197831.
11
Calculate the highest common divisor of 12285 and 15246.
63
Calculate the highest common factor of 156 and 285636.
156
What is the greatest common factor of 363 and 190201?
11
What is the greatest common factor of 291 and 1421341?
97
Calculate the highest common factor of 112766 and 2.
2
Calculate the highest common divisor of 67 and 147601.
67
Calculate the greatest common factor of 5565 and 20895.
105
Calculate the greatest common divisor of 1328 and 176209.
83
Calculate the greatest common factor of 338512 and 48.
16
What is the greatest common divisor of 30420 and 32040?
180
What is the greatest common factor of 3200 and 2500?
100
Calculate the highest common divisor of 147096 and 1135.
227
What is the highest common factor of 104 and 345566?
26
Calculate the highest common factor of 122 and 514.
2
What is the greatest common divisor of 325 and 481507?
13
Calculate the greatest common divisor of 9390 and 130.
10
Calculate the greatest common divisor of 1 and 16136.
1
What is the greatest common divisor of 40 and 300000?
40
Calculate the highest common divisor of 2500 and 2900.
100
What is the highest common divisor of 534248 and 21736?
1144
What is the greatest common factor of 105 and 2318631?
21
Calculate the greatest common factor of 90 and 26550.
90
What is the greatest common divisor of 6000 and 169080?
120
What is the greatest common factor of 129 and 5946255?
129
Calculate the highest common divisor of 324 and 21852.
36
Calculate the greatest common factor of 2793 and 3507.
21
What is the highest common divisor of 564 and 17202?
282
What is the highest common divisor of 174 and 10437303?
87
Calculate the highest common factor of 81 and 774.
9
What is the highest common factor of 15543 and 1089?
99
What is the greatest common factor of 7326 and 2178?
198
Calculate the greatest common factor of 1663 and 15171549.
1663
What is the greatest common factor of 2706 and 11946?
66
Calculate the greatest common divisor of 1460 and 169068.
292
What is the greatest common divisor of 2200 and 27775?
275
What is the greatest common factor of 12 and 869082?
6
Calculate the greatest common factor of 201 and 1659791.
67
Calculate the highest common factor of 608 and 96608.
32
Calculate the greatest common factor of 2416 and 1376.
16
Calculate the highest common divisor of 1362646 and 469.
67
What is the highest common divisor of 15781 and 8213?
43
Calculate the greatest common divisor of 1820 and 110200.
20
Calculate the greatest common divisor of 112 and 1239.
7
What is the greatest common divisor of 12 and 40134?
6
Calculate the greatest common divisor of 1530 and 1290.
30
Calculate the highest common factor of 166465 and 260.
65
Calculate the highest common divisor of 1088 and 9124.
4
What is the highest common factor of 678 and 6074202?
678
Calculate the greatest common divisor of 369984 and 96.
96
Calculate the greatest common divisor of 45 and 4670085.
15
What is the greatest common factor of 48 and 541152?
48
What is the greatest common divisor of 22 and 5346?
22
What is the highest common factor of 17800 and 800?
200
What is the highest common divisor of 28841 and 955?
191
Calculate the highest common divisor of 434 and 2728.
62
Calculate the highest common divisor of 928 and 61074.
58
Calculate the highest common divisor of 6984 and 488.
8
What is the highest common factor of 3969 and 135513?
567
What is the greatest common factor of 58 and 147726?
58
Calculate the highest common factor of 666 and 9509.
37
Calculate the highest common divisor of 2423025 and 220.
55
What is the greatest common divisor of 107425 and 175?
25
Calculate the highest common factor of 18 and 43038.
18
What is the greatest common divisor of 224469 and 56?
7
Calculate the highest common factor of 22 and 473.
11
What is the greatest common divisor of 585 and 238810?
65
What is the greatest common factor of 1188473 and 52?
13
Calculate the highest common divisor of 155 and 13295.
5
What is the highest common divisor of 24 and 82028?
4
Calculate the greatest common factor of 46 and 894.
2
What is the highest common factor of 16 and 1017844?
4
Calculate the highest common factor of 248046 and 15.
3
What is the greatest common factor of 84 and 1212?
12
Calculate the greatest common divisor of 115200 and 5696.
64
What is the greatest common divisor of 9 and 124461?
9
Calculate the highest common factor of 3065 and 8765.
5
What is the greatest common divisor of 84136 and 104?
104
Calculate the highest common divisor of 325 and 3085.
5
What is the greatest common factor of 705 and 879981?
141
Calculate the highest common factor of 131471 and 31.
31
What is the greatest common divisor of 2792 and 1208?
8
Calculate the greatest common factor of 571136 and 552.
184
What is the highest common divisor of 26108 and 2889?
107
What is the highest common divisor of 581043 and 51?
51
Calculate the greatest common factor of 1492 and 244.
4
Calculate the highest common divisor of 440 and 1577180.
220
Calculate the highest common factor of 34854 and 9.
3
Calculate the highest common factor of 96565 and 28.
7
Calculate the greatest common divisor of 1316 and 31396.
188
Calculate the highest common divisor of 33 and 1374747.
33
Calculate the greatest common divisor of 648 and 2904.
24
What is the highest common divisor of 20630 and 30?
10
What is the highest common factor of 53721 and 2667?
381
What is the greatest common factor of 396 and 2087052?
132
Calculate the greatest common divisor of 175 and 781025.
175
Calculate the greatest common divisor of 2278 and 134268.
134
Calculate the greatest common factor of 184420 and 55.
5
Calculate the greatest common divisor of 1383232 and 32.
32
Calculate the highest common divisor of 28590 and 1.
1
Calculate the greatest common factor of 41382 and 11628.
342
What is the highest common divisor of 198 and 12078?
198
What is the highest common factor of 16 and 50104?
8
Calculate the highest common divisor of 76 and 3158997.
19
Calculate the highest common factor of 31240 and 32120.
440
What is the greatest common divisor of 1530433 and 499?
499
Calculate the highest common divisor of 3689 and 224378.
217
Calculate the greatest common factor of 62 and 392026.
62
Calculate the highest common divisor of 689 and 3286.
53
What is the greatest common factor of 9 and 9981?
9
Calculate the highest common divisor of 2193 and 101490.
51
Calculate the greatest common divisor of 19651 and 72206.
457
What is the greatest common divisor of 1062 and 123?
3
What is the highest common factor of 324 and 13518?
18
Calculate the greatest common divisor of 1542352 and 8.
8
What is the highest common factor of 5483500 and 40?
20
Calculate the greatest common divisor of 99081 and 57879.
981
What is the highest common factor of 137460 and 237?
237
What is the highest common divisor of 176 and 28032?
16
What is the highest common divisor of 12 and 318912?
12
Calculate the greatest common factor of 53723 and 4557.
31
What is the greatest common divisor of 10346 and 14?
14
What is the greatest common divisor of 24495 and 929177?
1633
What is the highest common divisor of 330 and 450930?
30
What is the greatest common factor of 232180 and 572?
52
Calculate the highest common divisor of 196 and 19077464.
196
What is the greatest common divi